 the prime factors of 254?
2, 127
List the prime factors of 6125.
5, 7
List the prime factors of 746.
2, 373
What are the prime factors of 15285?
3, 5, 1019
List the prime factors of 41569.
11, 3779
List the prime factors of 24625.
5, 197
What are the prime factors of 529?
23
What are the prime factors of 4842?
2, 3, 269
What are the prime factors of 561?
3, 11, 17
List the prime factors of 57021.
3, 83, 229
What are the prime factors of 2575?
5, 103
What are the prime factors of 940?
2, 5, 47
What are the prime factors of 23217?
3, 71, 109
List the prime factors of 72192.
2, 3, 47
List the prime factors of 238.
2, 7, 17
What are the prime factors of 76727?
7, 97, 113
List the prime factors of 137.
137
What are the prime factors of 40406?
2, 89, 227
List the prime factors of 19995.
3, 5, 31, 43
List the prime factors of 9241.
9241
What are the prime factors of 49718?
2, 24859
List the prime factors of 7574.
2, 7, 541
What are the prime factors of 39699?
3, 11, 401
List the prime factors of 16238.
2, 23, 353
What are the prime factors of 11950?
2, 5, 239
What are the prime factors of 1782?
2, 3, 11
What are the prime factors of 941?
941
List the prime factors of 27775.
5, 11, 101
What are the prime factors of 4722?
2, 3, 787
List the prime factors of 608.
2, 19
List the prime factors of 55.
5, 11
List the prime factors of 11914.
2, 7, 23, 37
What are the prime factors of 18021?
3, 6007
List the prime factors of 24123.
3, 11, 17, 43
List the prime factors of 27328.
2, 7, 61
What are the prime factors of 468?
2, 3, 13
What are the prime factors of 424?
2, 53
List the prime factors of 3170.
2, 5, 317
List the prime factors of 24.
2, 3
What are the prime factors of 29273?
73, 401
List the prime factors of 12330.
2, 3, 5, 137
What are the prime factors of 789?
3, 263
What are the prime factors of 24595?
5, 4919
What are the prime factors of 24441?
3, 8147
What are the prime factors of 362?
2, 181
List the prime factors of 8535.
3, 5, 569
What are the prime factors of 121220?
2, 5, 11, 19, 29
What are the prime factors of 903?
3, 7, 43
What are the prime factors of 358?
2, 179
What are the prime factors of 15891?
3, 5297
List the prime factors of 629.
17, 37
What are the prime factors of 4643?
4643
What are the prime factors of 582?
2, 3, 97
What are the prime factors of 17826?
2, 3, 2971
List the prime factors of 10278.
2, 3, 571
What are the prime factors of 2833?
2833
What are the prime factors of 4633?
41, 113
What are the prime factors of 6710?
2, 5, 11, 61
List the prime factors of 14920.
2, 5, 373
List the prime factors of 19491.
3, 73, 89
What are the prime factors of 32232?
2, 3, 17, 79
List the prime factors of 1634.
2, 19, 43
What are the prime factors of 24176?
2, 1511
List the prime factors of 8739.
3, 971
What are the prime factors of 1685?
5, 337
What are the prime factors of 756?
2, 3, 7
List the prime factors of 4379.
29, 151
What are the prime factors of 4688?
2, 293
List the prime factors of 292.
2, 73
What are the prime factors of 4612?
2, 1153
List the prime factors of 2389.
2389
List the prime factors of 62058.
2, 3, 10343
List the prime factors of 468.
2, 3, 13
What are the prime factors of 2183?
37, 59
What are the prime factors of 22287?
3, 17, 19, 23
What are the prime factors of 27275?
5, 1091
What are the prime factors of 97123?
13, 31, 241
What are the prime factors of 42077?
7, 6011
List the prime factors of 2240.
2, 5, 7
List the prime factors of 546.
2, 3, 7, 13
What are the prime factors of 643?
643
What are the prime factors of 1476?
2, 3, 41
What are the prime factors of 34179?
3, 11393
List the prime factors of 5977.
43, 139
List the prime factors of 89093.
41, 53
What are the prime factors of 13225?
5, 23
What are the prime factors of 18722?
2, 11, 23, 37
List the prime factors of 16306.
2, 31, 263
List the prime factors of 94407.
3, 31469
List the prime factors of 351.
3, 13
List the prime factors of 21400.
2, 5, 107
What are the prime factors of 37064?
2, 41, 113
List the prime factors of 10752.
2, 3, 7
What are the prime factors of 59118?
2, 3, 59, 167
List the prime factors of 17248.
2, 7, 11
List the prime factors of 17903.
17903
What are the prime factors of 3964?
2, 991
List the prime factors of 89566.
2, 19, 2357
List the prime factors of 2557.
2557
What are the prime factors of 737?
11, 67
What are the prime factors of 4286?
2, 2143
What are the prime factors of 1199?
11, 109
List the prime factors of 38953.
38953
List the prime factors of 15792.
2, 3, 7, 47
What are the prime factors of 46030?
2, 5, 4603
What are the prime factors of 4670?
2, 5, 467
What are the prime factors of 916?
2, 229
What are the prime factors of 21936?
2, 3, 457
List the prime factors of 5858.
2, 29, 101
List the prime factors of 21292.
2, 5323
What are the prime factors of 59927?
7, 1223
List the prime factors of 148.
2, 37
What are the prime factors of 1159?
19, 61
List the prime factors of 484.
2, 11
List the prime factors of 59813.
13, 43, 107
List the prime factors of 1849.
43
What are the prime factors of 4872?
2, 3, 7, 29
What are the prime factors of 1623?
3, 541
List the prime factors of 3939.
3, 13, 101
List the prime factors of 282.
2, 3, 47
What are the prime factors of 5599?
11, 509
What are the prime factors of 1215?
3, 5
What are the prime factors of 23653?
7, 31, 109
List the prime factors of 3453.
3, 1151
List the prime factors of 2272.
2, 71
List the prime factors of 16769.
41, 409
List the prime factors of 30812.
2, 7703
What are the prime factors of 65333?
79, 827
List the prime factors of 4539.
3, 17, 89
List the prime factors of 26927.
26927
What are the prime factors of 1085?
5, 7, 31
What are the prime factors of 827?
827
What are the prime factors of 1762?
2, 881
What are the prime factors of 87213?
3, 7, 4153
What are the prime factors of 634?
2, 317
What are the prime factors of 6454?
2, 7, 461
List the prime factors of 114067.
114067
List the prime factors of 15388.
2, 3847
List the prime factors of 78654.
2, 3, 13109
What are the prime factors of 108655?
5, 31, 701
What are the prime factors of 20347?
20347
List the prime factors of 4196.
2, 1049
List the prime factors of 1372.
2, 7
What are the prime factors of 5881?
5881
What are the prime factors of 101568?
2, 3, 23
What are the prime factors of 61063?
227, 269
List the prime factors of 31044.
2, 3, 13, 199
List the prime factors of 5931.
3, 659
List the prime factors of 935.
5, 11, 17
List the prime factors of 1244.
2, 311
List the prime factors of 961.
31
List the prime factors of 3052.
2, 7, 109
What are the prime factors of 2854?
2, 1427
List the prime factors of 1315.
5, 263
List the prime factors of 34740.
2, 3, 5, 193
List the prime factors of 90522.
2, 3, 47, 107
What are the prime factors of 1049?
1049
What are the prime factors of 1054?
2, 17, 31
List the prime factors of 268.
2, 67
List the prime factors of 1359.
3, 151
What are the prime factors of 148578?
2, 3, 24763
List the prime factors of 460.
2, 5, 23
List the prime factors of 1562.
2, 11, 71
What are the prime factors of 2846?
2, 1423
What are the prime factors of 6384?
2, 3, 7, 19
List the prime factors of 19208.
2, 7
List the prime factors of 1936.
2, 11
List the prime factors of 3830.
2, 5, 383
List the prime factors of 298.
2, 149
List the prime factors of 21.
3, 7
List the prime factors of 10576.
2, 661
List the prime factors of 19909.
43, 463
What are the prime factors of 2124?
2, 3, 59
What are the prime factors of 3508?
2, 877
List the prime factors of 29740.
2, 5, 1487
What are the prime factors of 132270?
2, 3, 5, 4409
What are the prime factors of 15007?
43, 349
What are the prime factors of 14449?
14449
What are the prime factors of 13630?
2, 5, 29, 47
What are the prime factors of 39346?
2, 103, 191
List the prime factors of 37112.
2, 4639
What are the prime factors of 1968?
2, 3, 41
List the prime factors of 13053.
3, 19, 229
List the prime factors of 835.
5, 167
List the prime factors of 2119.
13, 163
What are the prime factors of 19328?
2, 151
What are the prime factors of 479?
479
List the prime factors of 110915.
5, 7, 3169
What are the prime factors of 72940?
2, 5, 7, 521
List the prime factors of 8305.
5, 11, 151
What are the prime factors of 365?
5, 73
L